558.
122
What is the highest common factor of 154 and 147744982?
154
What is the greatest common divisor of 569 and 16896455?
569
What is the highest common factor of 45649 and 1158988?
191
Calculate the highest common factor of 16278 and 2861924709.
8139
Calculate the greatest common factor of 7315 and 647525263.
1463
Calculate the greatest common divisor of 264 and 356864.
8
Calculate the highest common divisor of 24225 and 24450.
75
Calculate the greatest common factor of 8646 and 1533486.
786
Calculate the greatest common factor of 353720608 and 32.
32
What is the greatest common factor of 116 and 9422274?
58
Calculate the highest common divisor of 21 and 101846073.
21
Calculate the highest common factor of 5351296 and 8620.
1724
Calculate the greatest common divisor of 328 and 681512.
8
Calculate the highest common divisor of 3466520 and 10.
10
What is the highest common divisor of 96 and 8763936?
96
What is the highest common divisor of 119343 and 52563?
21
Calculate the greatest common divisor of 2884 and 455084.
28
What is the highest common divisor of 916813 and 27559?
127
Calculate the greatest common factor of 56 and 579796.
28
Calculate the greatest common factor of 3347827 and 238.
119
Calculate the greatest common divisor of 303 and 3603074.
101
Calculate the greatest common divisor of 119 and 199905363.
119
What is the highest common divisor of 110788922 and 335?
67
Calculate the highest common factor of 304583 and 2252.
563
Calculate the highest common factor of 85587154 and 5862.
1954
What is the highest common factor of 6344 and 156455?
13
What is the highest common divisor of 1516853 and 858?
13
Calculate the highest common factor of 144 and 32777256.
24
What is the highest common divisor of 575 and 519157265?
115
Calculate the highest common divisor of 57029238 and 24696.
6174
What is the highest common divisor of 189 and 43609509?
27
Calculate the greatest common divisor of 408 and 4234904.
136
Calculate the greatest common factor of 37796 and 17644.
44
Calculate the highest common factor of 30044 and 2237205.
1073
What is the highest common divisor of 579 and 44316?
3
Calculate the greatest common divisor of 890812 and 7030.
74
What is the highest common divisor of 88175 and 28223054?
3527
Calculate the highest common divisor of 13115904 and 9312.
96
Calculate the highest common factor of 149375856 and 4464.
1488
Calculate the greatest common divisor of 1656 and 807139.
23
What is the highest common factor of 12636592 and 15872?
496
What is the greatest common factor of 1584276 and 57716?
188
Calculate the greatest common divisor of 341286 and 8866.
22
What is the greatest common divisor of 1552 and 10096536?
776
What is the greatest common factor of 34758948 and 78?
6
What is the highest common factor of 80 and 13571248?
16
What is the highest common factor of 1121074 and 50161?
487
Calculate the greatest common factor of 237954336 and 480.
96
Calculate the highest common divisor of 15 and 29033905.
5
What is the greatest common factor of 1129 and 105707141?
1129
What is the greatest common factor of 55485 and 16490690?
685
Calculate the greatest common factor of 556930 and 198.
22
Calculate the greatest common divisor of 2845 and 4870.
5
Calculate the highest common divisor of 793567 and 326529.
71
What is the highest common factor of 2294 and 6841018?
62
Calculate the highest common factor of 1728431 and 25009.
281
Calculate the highest common factor of 28975 and 21109.
19
Calculate the highest common divisor of 9746 and 4796.
22
Calculate the highest common divisor of 79820737 and 463.
463
Calculate the highest common divisor of 478 and 2123273849.
239
What is the greatest common factor of 34188672 and 11868?
276
Calculate the highest common divisor of 20868 and 5052735.
141
Calculate the greatest common divisor of 351610 and 18298.
14
What is the greatest common divisor of 173910 and 8959170?
5610
What is the highest common factor of 95 and 32090449?
19
Calculate the greatest common divisor of 10397564 and 460.
92
Calculate the greatest common factor of 2418901 and 1206.
67
What is the highest common divisor of 102 and 182810367?
51
Calculate the highest common divisor of 16647 and 291927341.
5549
Calculate the highest common factor of 8107952 and 9714.
3238
What is the greatest common divisor of 150810283 and 39?
13
What is the greatest common divisor of 25754124 and 62436?
1452
Calculate the greatest common divisor of 133986321 and 126.
63
Calculate the greatest common divisor of 70428 and 92676.
12
Calculate the greatest common divisor of 40568 and 792.
88
Calculate the highest common factor of 3806 and 3999241.
173
What is the highest common factor of 8625033 and 999?
333
What is the highest common factor of 136037280 and 480?
480
What is the greatest common factor of 204753688 and 12618?
1402
What is the greatest common factor of 1300 and 30503200?
1300
What is the greatest common factor of 499274 and 43739?
191
What is the greatest common divisor of 91266118 and 2?
2
Calculate the highest common factor of 1192584 and 115656.
1896
Calculate the greatest common factor of 57 and 107581325.
19
Calculate the greatest common divisor of 62900 and 42160.
340
What is the greatest common factor of 257291544 and 14928?
7464
Calculate the greatest common divisor of 1873183 and 26.
13
What is the greatest common factor of 31835272 and 29?
29
What is the highest common factor of 194100 and 294?
6
What is the greatest common factor of 2435 and 4211276495?
2435
What is the highest common factor of 490 and 61888715?
245
Calculate the greatest common factor of 300240 and 67120.
80
Calculate the greatest common factor of 130680 and 207090.
270
What is the highest common divisor of 1178360 and 2979?
331
What is the greatest common divisor of 26423832 and 36?
12
What is the highest common factor of 1295 and 2862135?
185
Calculate the highest common factor of 983896 and 1349.
19
Calculate the highest common factor of 230151441 and 5902.
2951
Calculate the highest common factor of 92 and 382171772.
92
Calculate the highest common divisor of 21228988 and 8484.
404
What is the greatest common divisor of 413030080 and 16?
16
What is the greatest common divisor of 8 and 50293152?
8
What is the greatest common factor of 266 and 101920?
14
Calculate the greatest common divisor of 81143533 and 6009.
2003
What is the highest common factor of 1271 and 676009312?
1271
What is the highest common divisor of 987 and 80041?
47
What is the greatest common divisor of 81 and 494919?
9
What is the highest common factor of 36816 and 2223?
39
Calculate the greatest common factor of 61 and 187653629.
61
What is the greatest common divisor of 3324 and 18792?
12
What is the highest common divisor of 88382832 and 1482?
114
Calculate the highest common divisor of 13 and 1524034447.
13
What is the greatest common divisor of 18 and 14086662?
6
What is the greatest common divisor of 14628 and 2129892?
276
Calculate the greatest common factor of 4196376 and 96.
24
Calculate the greatest common divisor of 743120 and 200760.
280
Calculate the highest common factor of 110 and 995093.
11
Calculate the greatest common factor of 978397 and 87653.
2369
What is the greatest common divisor of 32 and 1435640?
8
Calculate the highest common factor of 2131142 and 78.
26
What is the greatest common divisor of 1331015 and 850?
85
Calculate the greatest common factor of 26892965 and 385.
55
Calculate the greatest common divisor of 4223656 and 754687.
3239
Calculate the greatest common divisor of 9092832 and 896.
224
What is the highest common factor of 1117077 and 117?
39
What is the greatest common factor of 828 and 315446748?
276
Calculate the highest common factor of 379600 and 899912.
104
Calculate the highest common divisor of 328183898 and 14.
14
Calculate the highest common factor of 102816 and 4056336.
2448
What is the highest common factor of 313117 and 4756?
41
What is the highest common divisor of 24352 and 70296614?
1522
Calculate the highest common factor of 5928 and 581464.
104
What is the highest common divisor of 2835 and 1908963?
63
What is the highest common divisor of 6213215 and 35?
5
Calculate the greatest common divisor of 2981 and 5.
1
What is the h